
7
What is the remainder when 1379 is divided by 41?
26
What is the remainder when 213 is divided by 49?
17
Calculate the remainder when 122 is divided by 41.
40
Calculate the remainder when 224 is divided by 59.
47
Calculate the remainder when 1183 is divided by 31.
5
Calculate the remainder when 191 is divided by 52.
35
Calculate the remainder when 74 is divided by 13.
9
What is the remainder when 96 is divided by 55?
41
Calculate the remainder when 2110 is divided by 143.
108
What is the remainder when 110 is divided by 46?
18
Calculate the remainder when 106 is divided by 27.
25
What is the remainder when 1341 is divided by 32?
29
Calculate the remainder when 1619 is divided by 202.
3
Calculate the remainder when 542 is divided by 219.
104
Calculate the remainder when 350 is divided by 59.
55
Calculate the remainder when 2641 is divided by 23.
19
Calculate the remainder when 1632 is divided by 86.
84
What is the remainder when 1938 is divided by 141?
105
Calculate the remainder when 599 is divided by 43.
40
Calculate the remainder when 17359 is divided by 35.
34
Calculate the remainder when 1046 is divided by 15.
11
Calculate the remainder when 53 is divided by 29.
24
What is the remainder when 119 is divided by 37?
8
What is the remainder when 1302 is divided by 87?
84
Calculate the remainder when 4992 is divided by 2496.
0
Calculate the remainder when 358 is divided by 8.
6
Calculate the remainder when 419 is divided by 60.
59
What is the remainder when 2285 is divided by 16?
13
What is the remainder when 180 is divided by 180?
0
What is the remainder when 4657 is divided by 137?
136
What is the remainder when 4813 is divided by 45?
43
What is the remainder when 64 is divided by 17?
13
What is the remainder when 350 is divided by 178?
172
What is the remainder when 1526 is divided by 90?
86
Calculate the remainder when 864 is divided by 27.
0
Calculate the remainder when 841 is divided by 53.
46
What is the remainder when 142 is divided by 17?
6
Calculate the remainder when 233 is divided by 119.
114
Calculate the remainder when 25 is divided by 13.
12
Calculate the remainder when 217 is divided by 44.
41
Calculate the remainder when 59 is divided by 10.
9
Calculate the remainder when 633 is divided by 27.
12
Calculate the remainder when 1041 is divided by 28.
5
Calculate the remainder when 173 is divided by 93.
80
What is the remainder when 607 is divided by 251?
105
Calculate the remainder when 31019 is divided by 66.
65
What is the remainder when 1935 is divided by 273?
24
What is the remainder when 3765 is divided by 92?
85
Calculate the remainder when 400 is divided by 13.
10
Calculate the remainder when 698 is divided by 134.
28
Calculate the remainder when 127 is divided by 8.
7
Calculate the remainder when 83 is divided by 64.
19
Calculate the remainder when 117 is divided by 57.
3
Calculate the remainder when 2423 is divided by 602.
15
Calculate the remainder when 378 is divided by 71.
23
What is the remainder when 144 is divided by 49?
46
What is the remainder when 1135 is divided by 34?
13
Calculate the remainder when 252 is divided by 55.
32
What is the remainder when 1386 is divided by 369?
279
What is the remainder when 2497 is divided by 49?
47
What is the remainder when 1130 is divided by 373?
11
What is the remainder when 12910 is divided by 16?
14
Calculate the remainder when 4571 is divided by 240.
11
What is the remainder when 940 is divided by 44?
16
What is the remainder when 137 is divided by 20?
17
Calculate the remainder when 284 is divided by 41.
38
Calculate the remainder when 10509 is divided by 23.
21
What is the remainder when 358 is divided by 92?
82
Calculate the remainder when 1611 is divided by 7.
1
What is the remainder when 236 is divided by 49?
40
What is the remainder when 657 is divided by 22?
19
Calculate the remainder when 2035 is divided by 674.
13
Calculate the remainder when 389 is divided by 30.
29
What is the remainder when 214 is divided by 9?
7
Calculate the remainder when 1404 is divided by 101.
91
Calculate the remainder when 726 is divided by 67.
56
What is the remainder when 666 is divided by 18?
0
What is the remainder when 432 is divided by 113?
93
Calculate the remainder when 60 is divided by 10.
0
What is the remainder when 767 is divided by 71?
57
Calculate the remainder when 1567 is divided by 511.
34
What is the remainder when 283 is divided by 29?
22
What is the remainder when 33 is divided by 13?
7
What is the remainder when 208 is divided by 109?
99
What is the remainder when 249 is divided by 87?
75
What is the remainder when 64 is divided by 39?
25
Calculate the remainder when 135 is divided by 8.
7
Calculate the remainder when 1383 is divided by 459.
6
What is the remainder when 158 is divided by 20?
18
What is the remainder when 1331 is divided by 58?
55
What is the remainder when 280 is divided by 218?
62
What is the remainder when 1815 is divided by 35?
30
Calculate the remainder when 254 is divided by 21.
2
Calculate the remainder when 467 is divided by 47.
44
Calculate the remainder when 103 is divided by 16.
7
Calculate the remainder when 2615 is divided by 34.
31
What is the remainder when 401 is divided by 38?
21
Calculate the remainder when 4077 is divided by 1016.
13
What is the remainder when 4111 is divided by 8?
7
Calculate the remainder when 2455 is divided by 43.
4
What is the remainder when 77 is divided by 1?
0
What is the remainder when 3308 is divided by 23?
19
What is the remainder when 55 is divided by 26?
3
What is the remainder when 486 is divided by 131?
93
Calculate the remainder when 816 is divided by 33.
24
Calculate the remainder when 1183 is divided by 386.
25
What is the remainder when 980 is divided by 19?
11
Calculate the remainder when 364 is divided by 179.
6
What is the remainder when 2664 is divided by 17?
12
Calculate the remainder when 2359 is divided by 34.
13
What is the remainder when 127 is divided by 42?
1
Calculate the remainder when 60 is divided by 2.
0
What is the remainder when 542 is divided by 68?
66
What is the remainder when 194 is divided by 97?
0
Calculate the remainder when 6355 is divided by 22.
19
Calculate the remainder when 748 is divided by 283.
182
Calculate the remainder when 2968 is divided by 30.
28
Calculate the remainder when 2086 is divided by 46.
16
Calculate the remainder when 6745 is divided by 38.
19
What is the remainder when 10197 is divided by 40?
37
Calculate the remainder when 174 is divided by 52.
18
What is the remainder when 766 is divided by 4?
2
What is the remainder when 3302 is divided by 19?
15
What is the remainder when 892 is divided by 184?
156
Calculate the remainder when 74 is divided by 2.
0
What is the remainder when 1728 is divided by 217?
209
Calculate the remainder when 325 is divided by 33.
28
Calculate the remainder when 6773 is divided by 28.
25
Calculate the remainder when 14 is divided by 5.
4
Calculate the remainder when 3352 is divided by 3343.
9
Calculate the remainder when 78 is divided by 14.
8
What is the remainder when 2506 is divided by 11?
9
Calculate the remainder when 2773 is divided by 73.
72
What is the remainder when 4022 is divided by 7?
4
Calculate the remainder when 1195 is divided by 235.
20
What is the remainder when 146 is divided by 61?
24
What is the remainder when 182 is divided by 17?
12
Calculate the remainder when 524 is divided by 31.
28
What is the remainder when 63 is divided by 9?
0
What is the remainder when 245 is divided by 50?
45
What is the remainder when 47 is divided by 15?
2
What is the remainder when 1218 is divided by 37?
34
What is the remainder when 46 is divided by 7?
4
Calculate the remainder when 136 is divided by 59.
18
Calculate the remainder when 139 is divided by 26.
9
What is the remainder when 2948 is divided by 34?
24
Calculate the remainder when 494 is divided by 93.
29
Calculate the remainder when 87 is divided by 76.
11
Calculate the remainder when 69 is divided by 5.
4
Calculate the remainder when 1096 is divided by 295.
211
Calculate the remainder when 542 is divided by 136.
134
Calculate the remainder when 216 is divided by 151.
65
Calculate the remainder when 677 is divided by 38.
31
What is the remainder when 64 